{"id":96,"date":"2022-02-17T09:22:22","date_gmt":"2022-02-17T08:22:22","guid":{"rendered":"https:\/\/ita-int.org\/?page_id=96"},"modified":"2022-03-22T11:14:44","modified_gmt":"2022-03-22T10:14:44","slug":"vorwort","status":"publish","type":"page","link":"https:\/\/ita-int.org\/","title":{"rendered":"ITA"},"content":{"rendered":"<h3><strong>Vorwort<\/strong><\/h3>\n<div id=\"attachment_137\" style=\"width: 263px\" class=\"wp-caption alignright\"><img aria-describedby=\"caption-attachment-137\" loading=\"lazy\" class=\"size-medium wp-image-137\" src=\"https:\/\/ita-int.org\/wp-content\/uploads\/2022\/02\/zand-253x300.jpg\" alt=\"\" width=\"253\" height=\"300\" srcset=\"https:\/\/ita-int.org\/wp-content\/uploads\/2022\/02\/zand-253x300.jpg 253w, https:\/\/ita-int.org\/wp-content\/uploads\/2022\/02\/zand.jpg 270w\" sizes=\"(max-width: 253px) 100vw, 253px\" \/><p id=\"caption-attachment-137\" class=\"wp-caption-text\">Darius Zand, ITA Chairman<\/p><\/div>\n<p>Neben aktuellen wirtschaftlichen, aber auch politischen, gesellschaftlichen und marktseitigen Herausforderungen befindet sich die Automobilindustrie in einem gro\u00dfen technologischen Wandel, der Innovationen in Gesch\u00e4ftsmodellen, -Prozessen, Produkten und Services erfordert. Der Gro\u00dfteil der Innovationen basiert zunehmend auf Software und IT-Technologie.<\/p>\n<p>Dabei nehmen die Komplexit\u00e4t und der Integrationsgrad signifikant zu, wodurch die End-2-End Optimierung und Digitalisierung der gesamten Wertsch\u00f6pfungskette durch Standardisierungen und offene Konnektivit\u00e4t \u00fcber alle Ebenen an Bedeutung gewinnen. Diese erm\u00f6glichen es unterschiedliche Partner, Services, Software, Produkte und deren Daten flexibel zu integrieren und Informationen untereinander auszutauschen.<\/p>\n<p>ITA bildet die Platform, die die Automobilindustrie mit den Beratungs- und IT-Dienstleistern miteinander verbindet, um zukunftsweisende L\u00f6sungen zu entwickeln. Seit mehr als 20 Jahren kooperieren wir dabei mit den Mitgliedern des VDA und ODETTE und freuen uns, auch zuk\u00fcnftig aktiv den technologischen Wandel und die Grundlage f\u00fcr die Wettbewerbsf\u00e4higkeit mitzugestalten.<\/p>\n<p>Darius Zand<br \/>Chairman of the Board<br \/>ITA Automotive Service Partner e. V.<\/p>\n<hr \/>\n<h3 style=\"text-align: left;\"><strong>Preface<\/strong><\/h3>\n<div id=\"attachment_496\" style=\"width: 263px\" class=\"wp-caption alignright\"><img aria-describedby=\"caption-attachment-496\" loading=\"lazy\" class=\"wp-image-496 size-medium\" src=\"https:\/\/ita-int.org\/wp-content\/uploads\/2022\/03\/cameron-1-253x300.jpg\" alt=\"\" width=\"253\" height=\"300\" srcset=\"https:\/\/ita-int.org\/wp-content\/uploads\/2022\/03\/cameron-1-253x300.jpg 253w, https:\/\/ita-int.org\/wp-content\/uploads\/2022\/03\/cameron-1.jpg 270w\" sizes=\"(max-width: 253px) 100vw, 253px\" \/><p id=\"caption-attachment-496\" class=\"wp-caption-text\">Robert Cameron, ODETTE-Chairman<\/p><\/div>\n<p style=\"text-align: left;\">The automotive industry is changing at a pace that has never been seen before. Connected autonomous vehicles are no longer science fiction; they are the object of mid-term strategies. Software has become as much an integral part of our thinking as the hardware on four wheels.<\/p>\n<p style=\"text-align: left;\">What is now true for our products has been true for our processes for many years. The automotive supply chain is highly efficient due the continued efforts of OEMs, suppliers, and IT service providers to create interfaces, to connect parties, to establish secure data channels.<\/p>\n<p style=\"text-align: left;\">The physical supply chain is now totally dependent on the virtual supply chain. Since its foundation, ODETTE has been working to optimize the virtual supply chain and has successfully implemented digitalization projects with all stakeholders. We appreciate the work of ITA and the IT service providers in this process and wish to thank them for a very successful cooperation.<\/p>\n<p style=\"text-align: left;\">Robert Cameron<br \/>Chairman of the Board<br \/>ODETTE International Limited<\/p>\n\n\n<hr class=\"wp-block-separator is-style-wide\"\/>\n\n\n<h3><strong>ITA &#8211; Der ICT-Verband der Automobilindustrie<\/strong><\/h3>\n<p>ITA ist als Organisation im Jahr 2000 vom VDA e. V. (Verband der Automobilindustrie e. V.) mit dem Ziel gegr\u00fcndet worden, den Informationsfluss zwischen Automobilherstellern und -zulieferern auf der einen und den ICT-Unternehmen auf der anderen Seite zu intensivieren.<\/p>\n<p>Das bestehende Augenmerk liegt auf der Unterst\u00fctzung bei der Optimierung und Digitalisierung der gesamten automobilen Wertsch\u00f6pfungskette, den Business Modelle und Mobility Services sowie der carIT. Wir kennen die Gesch\u00e4ftsprozesse und Services der Automobilindustrie im Detail, bieten innovative Ideen und IT-L\u00f6sungen und unterst\u00fctzen erfolgreich nationale und internationale Gesch\u00e4ftsaktivit\u00e4ten.<\/p>\n<p>Die Automobilindustrie profitiert neben dem Branchen- Knowhow, den Erfahrungen und der Pr\u00e4senz in den lokalen M\u00e4rkten von exzellenter IT-Kompetenz und Innovativen L\u00f6sungen, die die Digitalisierung effizienter Prozesse erm\u00f6glichen. Zertifizierte Softwarel\u00f6sungen, Projektmanagement und Methodenkompetenz und nachgewiesene Referenzen unserer Mitgliedsunternehmen sind f\u00fcr Unternehmen der Automobil- und Mobilit\u00e4tsindustrie wesentliche Kriterien bei der Auswahl geeigneter Partner.<\/p>\n<p>Zu den Mitgliedern der ITA z\u00e4hlen Beratungs- und Technologieunternehmen mit dem Schwerpunkt Automobilindustrie, Logistik Service Provider, Vertreter der Automobilindustrie (OEM und Zulieferer), Hochschulen, Universit\u00e4ten und Forschungseinrichtungen sowie Verb\u00e4nde und Organisationen. Der ITA Vorstand setzt sich aus einem Chairman und zwei ViceChairmen zusammen:<\/p>\n\n\n<hr class=\"wp-block-separator is-style-wide\"\/>\n\n\n\n<div class=\"wp-container-2 wp-block-columns\">\n<div class=\"wp-container-1 wp-block-column\" style=\"flex-basis:100%\">\n<figure class=\"wp-block-table aligncenter has-small-font-size\"><table class=\"has-fixed-layout\"><tbody><tr><td class=\"has-text-align-center\" data-align=\"center\"><a href=\"mailto:darius.zand@ita-int.org\"><img loading=\"lazy\" width=\"270\" height=\"320\" class=\"wp-image-137\" style=\"width: 150px;\" src=\"https:\/\/ita-int.org\/wp-content\/uploads\/2022\/02\/zand.jpg\" alt=\"\" srcset=\"https:\/\/ita-int.org\/wp-content\/uploads\/2022\/02\/zand.jpg 270w, https:\/\/ita-int.org\/wp-content\/uploads\/2022\/02\/zand-253x300.jpg 253w\" sizes=\"(max-width: 270px) 100vw, 270px\" \/><\/a><\/td><td class=\"has-text-align-center\" data-align=\"center\"><a href=\"mailto:josef.withalm@ita-int.org\" data-type=\"mailto\" data-id=\"mailto:josef.withalm@ita-int.org\"><img loading=\"lazy\" width=\"270\" height=\"320\" class=\"wp-image-138\" style=\"width: 150px;\" src=\"https:\/\/ita-int.org\/wp-content\/uploads\/2022\/02\/withalm.jpg\" alt=\"\" srcset=\"https:\/\/ita-int.org\/wp-content\/uploads\/2022\/02\/withalm.jpg 270w, https:\/\/ita-int.org\/wp-content\/uploads\/2022\/02\/withalm-253x300.jpg 253w\" sizes=\"(max-width: 270px) 100vw, 270px\" \/><\/a><\/td><td class=\"has-text-align-center\" data-align=\"center\"><a href=\"mailto:hartmut.binner@ita-int.org\" data-type=\"mailto\" data-id=\"mailto:hartmut.binner@ita-int.org\"><img loading=\"lazy\" width=\"270\" height=\"320\" class=\"wp-image-139\" style=\"width: 150px;\" src=\"https:\/\/ita-int.org\/wp-content\/uploads\/2022\/02\/binner.jpg\" alt=\"\" srcset=\"https:\/\/ita-int.org\/wp-content\/uploads\/2022\/02\/binner.jpg 270w, https:\/\/ita-int.org\/wp-content\/uploads\/2022\/02\/binner-253x300.jpg 253w\" sizes=\"(max-width: 270px) 100vw, 270px\" \/><\/a><\/td><\/tr><tr><td class=\"has-text-align-center\" data-align=\"center\"><a href=\"mailto:darius.zand@ita-int.org\">Darius Zand<br>ITA-Chairman<\/a><\/td><td class=\"has-text-align-center\" data-align=\"center\"><a href=\"mailto:josef.withalm@ita-int.org\" data-type=\"mailto\" data-id=\"mailto:josef.withalm@ita-int.org\">Dr. Josef Withalm<br>1. Vice Chairman<\/a><\/td><td class=\"has-text-align-center\" data-align=\"center\"><a href=\"mailto:hartmut.binner@ita-int.org\" data-type=\"mailto\" data-id=\"mailto:hartmut.binner@ita-int.org\">Prof. Dr. Hartmut Binner<br>2. Vice Chairman<\/a><\/td><\/tr><\/tbody><\/table><\/figure>\n<\/div>\n<\/div>\n","protected":false},"excerpt":{"rendered":"<p>Vorwort Neben aktuellen wirtschaftlichen, aber auch politischen, gesellschaftlichen und marktseitigen Herausforderungen befindet sich die Automobilindustrie in einem gro\u00dfen technologischen Wandel, der Innovationen in Gesch\u00e4ftsmodellen, -Prozessen, Produkten und Services erfordert. Der Gro\u00dfteil der Innovationen basiert zunehmend auf Software und IT-Technologie. Dabei nehmen die Komplexit\u00e4t und der Integrationsgrad signifikant zu, wodurch die End-2-End Optimierung und Digitalisierung der [&hellip;]<\/p>\n","protected":false},"author":1,"featured_media":0,"parent":0,"menu_order":0,"comment_status":"closed","ping_status":"closed","template":"","meta":{"ub_ctt_via":""},"featured_image_src":null,"_links":{"self":[{"href":"https:\/\/ita-int.org\/index.php?rest_route=\/wp\/v2\/pages\/96"}],"collection":[{"href":"https:\/\/ita-int.org\/index.php?rest_route=\/wp\/v2\/pages"}],"about":[{"href":"https:\/\/ita-int.org\/index.php?rest_route=\/wp\/v2\/types\/page"}],"author":[{"embeddable":true,"href":"https:\/\/ita-int.org\/index.php?rest_route=\/wp\/v2\/users\/1"}],"replies":[{"embeddable":true,"href":"https:\/\/ita-int.org\/index.php?rest_route=%2Fwp%2Fv2%2Fcomments&post=96"}],"version-history":[{"count":117,"href":"https:\/\/ita-int.org\/index.php?rest_route=\/wp\/v2\/pages\/96\/revisions"}],"predecessor-version":[{"id":515,"href":"https:\/\/ita-int.org\/index.php?rest_route=\/wp\/v2\/pages\/96\/revisions\/515"}],"wp:attachment":[{"href":"https:\/\/ita-int.org\/index.php?rest_route=%2Fwp%2Fv2%2Fmedia&parent=96"}],"curies":[{"name":"wp","href":"https:\/\/api.w.org\/{rel}","templated":true}]}}