{"id":218,"date":"2022-02-17T13:26:04","date_gmt":"2022-02-17T12:26:04","guid":{"rendered":"https:\/\/ita-int.org\/?page_id=218"},"modified":"2025-12-16T18:31:40","modified_gmt":"2025-12-16T17:31:40","slug":"hannover-messe","status":"publish","type":"page","link":"https:\/\/ita-int.org\/?page_id=218","title":{"rendered":"Hannover Messe"},"content":{"rendered":"<h3 style=\"text-align: center;\"><strong>Die Hannover Messe (HMI) 2026 findet vom 20.-24.04.2026 statt!<\/strong><\/h3>\n<p style=\"text-align: justify;\">Die Hannover Messe f\u00fcr Industrie, Automatisierung und Digitalisierung wird vom 20. bis. 24. April 2026 ausgerichtet, erg\u00e4nzt um ein umfassendes Angebot an digitalen Services f\u00fcr die ausstellenden Unternehmen. Durch die Verkn\u00fcpfung der physischen Messe mit digitalen Produkten machen wir mit unseren Ausstellern die Zukunft erlebbar. Damit geht es unter dem Leitthema Industrial Transformation endlich wieder &#8220;Zur\u00fcck in die Zukunft&#8221; der industriellen Produktion!<\/p>\n<p style=\"text-align: justify;\">Mithilfe einer professionellen Darstellung Ihres Unternehmens \u00fcberzeugen Sie potenzielle Besucher davon, sich schon vor der Messe mit Ihrem Unternehmen auseinanderzusetzen. Ver\u00f6ffentlichen Sie f\u00fcr Ihren Digitalen Auftritt eine umfangreiche Pr\u00e4sentation mit allen wichtigen Informationen zu Ihrem Unternehmen und Produktportfolio. Besucher k\u00f6nnen auf Ihrer Ausstellerseite direkt mit Ihren Ansprechpartnern in den Dialog treten, Termine vereinbaren oder eine Visitenkarte hinterlassen.<\/p>\n\n<div class=\"wp-block-image\">\n<figure class=\"aligncenter size-full\"><img loading=\"lazy\" width=\"1481\" height=\"479\" src=\"https:\/\/ita-int.org\/wp-content\/uploads\/2022\/02\/hannomess2.jpg\" alt=\"\" class=\"wp-image-231\" srcset=\"https:\/\/ita-int.org\/wp-content\/uploads\/2022\/02\/hannomess2.jpg 1481w, https:\/\/ita-int.org\/wp-content\/uploads\/2022\/02\/hannomess2-300x97.jpg 300w, https:\/\/ita-int.org\/wp-content\/uploads\/2022\/02\/hannomess2-1024x331.jpg 1024w, https:\/\/ita-int.org\/wp-content\/uploads\/2022\/02\/hannomess2-768x248.jpg 768w\" sizes=\"(max-width: 1481px) 100vw, 1481px\" \/><\/figure><\/div>\n\n<h3 style=\"text-align: center;\"><strong><br \/>ITA-Symposium auf der Hannover Messe<\/strong><\/h3>\n<p style=\"text-align: justify;\">Im Zuge des j\u00e4hrlich stattfindenden ITA Automotive Symposiums d\u00fcrfen sich Besucher stets auf zahlreiche namhafte Referenten freuen. Im Jahr 2019 fand das Symposium mit gro\u00dfem Erfolg erstmalig im Rahmen der Hannover Messe Industrie (HMI) \u00fcber einen Zeitraum von f\u00fcnf Tagen stattlichem wir in den Jahren zuvor die CeBIT als Austragungsort gew\u00e4hlt hatten.<\/p>\n<p style=\"text-align: justify;\">W\u00e4hrend der HMI 2026 findet an allen Messetagen in der ITA Speaker Corner das \u201eITA Automotive Symposium 2026\u201c mit Fachbeitr\u00e4gen von Ausstellern und geladenen Referenten statt. Auf dem mehr als 100 Quadratmeter gro\u00dfen ITA Gemeinschaftsstand pr\u00e4sentieren ITA Mitglieder als Aussteller ihre Unternehmen und thematischen Schwerpunkte. Im Speaker-Bereich des Messestands werden neue Gesch\u00e4ftsmodelle und innovative Ideen pr\u00e4sentiert, Konzepte und Projekte diskutiert und unsere Netzwerkstrukturen auf optimale Weise genutzt. Dar\u00fcberhinaus engagieren sich ITA Vertreter und Mitglieder als Aussteller und Referenten bei Veranstaltungen der Automobilindustrie, wie dem Forum Automobillogistik des VDA e. V. und BVL e. V. und der ODETTE Conference.<\/p>\n\n<div class=\"wp-block-image\">\n<figure class=\"aligncenter size-full\"><img loading=\"lazy\" width=\"1258\" height=\"685\" src=\"https:\/\/ita-int.org\/wp-content\/uploads\/2022\/02\/hannomess.jpg\" alt=\"\" class=\"wp-image-222\" srcset=\"https:\/\/ita-int.org\/wp-content\/uploads\/2022\/02\/hannomess.jpg 1258w, https:\/\/ita-int.org\/wp-content\/uploads\/2022\/02\/hannomess-300x163.jpg 300w, https:\/\/ita-int.org\/wp-content\/uploads\/2022\/02\/hannomess-1024x558.jpg 1024w, https:\/\/ita-int.org\/wp-content\/uploads\/2022\/02\/hannomess-768x418.jpg 768w\" sizes=\"(max-width: 1258px) 100vw, 1258px\" \/><\/figure><\/div>\n\n\n<h4 class=\"has-text-align-left\" id=\"hmi-digital-factory-ita-automotive-gemeinschaftsstand-mit-speakercorner-und-taglichem-ita-automotive-symposium\"><br><strong>HMI \u201eDigital Factory\u201c ITA Automotive Gemeinschaftsstand mit Speakercorner und t\u00e4glichem ITA Automotive Symposium<\/strong><\/h4>\n\n\n\n<ul><li>Erweiterter Bereich f\u00fcr die \u201eDigital Factory\u201c<\/li><li>ITA Tag der Automotive Mittelstandsinitiative<\/li><li>ITA Automotive\/Mobility (branchenbezogene digitalisierte Prozesse)<\/li><li>ITA Gemeinschaftsstand in zentraler Lage.<\/li><li>Medienkommunikation der HMI u.a. mit IT &amp; Produktion<\/li><li>Standaufbau und Catering sind organisiert, d.h. die Ausstellungsst\u00e4nde sind<br>bezugsfertig<\/li><li>Zentrale Fl\u00e4che einer Speaker Corner, die Herr Prof. Binner organisiert und bei der<br>seitens ITA Mitgliedsunternehmen t\u00e4gl. f\u00fcr 30 min. Vortr\u00e4ge gebucht werden und<br>G\u00e4ste geladen werden k\u00f6nnen<\/li><li>Attraktiver Sonderpreis f\u00fcr ITA Mitgliedsunternehmen inkl. Service,<br>Catering und Nutzung der ITA Gemeinschaftsfl\u00e4che<\/li><li>ITA Aussteller erhalten zus\u00e4tzlich ein Digital-Paket inkludiert (u.a. mit<br>Aussteller-Profil, Chat-Funktionen, Ansprechpartner, Besuchertickets, Werbemittel).<br>Dieses bleibt bis zur kommenden Veranstaltung Online bestehen.<\/li><\/ul>\n\n\n\n<h4 class=\"has-text-align-left\" id=\"digitalpaket\"><br><strong>DIGITALPAKET:<\/strong><\/h4>\n\n\n\n<ul><li>Unternehmens- &amp; Produktpr\u00e4sentation<\/li><li>Marketing Services<br>(siehe Teilnahmebedingungen)<\/li><li>Fachbesuchertickets<\/li><li>bis zu 3 Ansprechpartner mit digitalen Dialogfunktionen<\/li><li>Highlight-Videos in der Mediathek<\/li><li>Teilnahme am Networking Service<\/li><\/ul>\n\n\n\n<h4 class=\"has-text-align-left\" id=\"bestandteile-ihres-ausstellerprofils\"><strong><br>BESTANDTEILE IHRES AUSSTELLERPROFILS:<\/strong><\/h4>\n\n\n\n<ul><li>Kontaktdaten und Firmenlogo<\/li><li>Ihre Produkte und L\u00f6sungen<\/li><li>Unternehmensprofil und Steckbrief<\/li><li>Unternehmensvideo<\/li><li>Ihre Zielbranchen und Ziell\u00e4nder<\/li><li>Ihre weltweiten Standorte<\/li><li>Ihre Ansprechpartner mit Dialog- und Terminvereinbarungsoptionen<\/li><li>Zwei Sprachversionen: Deutsch\/Englisch<\/li><\/ul>\n\n\n\n<hr class=\"wp-block-separator has-css-opacity aligncenter is-style-wide\"\/>\n\n\n\n<figure class=\"wp-block-image size-full\"><img loading=\"lazy\" width=\"1369\" height=\"633\" src=\"https:\/\/ita-int.org\/wp-content\/uploads\/2022\/03\/2022-03-08-00_28_04-Window.png\" alt=\"\" class=\"wp-image-380\" srcset=\"https:\/\/ita-int.org\/wp-content\/uploads\/2022\/03\/2022-03-08-00_28_04-Window.png 1369w, https:\/\/ita-int.org\/wp-content\/uploads\/2022\/03\/2022-03-08-00_28_04-Window-300x139.png 300w, https:\/\/ita-int.org\/wp-content\/uploads\/2022\/03\/2022-03-08-00_28_04-Window-1024x473.png 1024w, https:\/\/ita-int.org\/wp-content\/uploads\/2022\/03\/2022-03-08-00_28_04-Window-768x355.png 768w\" sizes=\"(max-width: 1369px) 100vw, 1369px\" \/><\/figure>\n","protected":false},"excerpt":{"rendered":"<p>Die Hannover Messe (HMI) 2026 findet vom 20.-24.04.2026 statt! Die Hannover Messe f\u00fcr Industrie, Automatisierung und Digitalisierung wird vom 20. bis. 24. April 2026 ausgerichtet, erg\u00e4nzt um ein umfassendes Angebot an digitalen Services f\u00fcr die ausstellenden Unternehmen. Durch die Verkn\u00fcpfung der physischen Messe mit digitalen Produkten machen wir mit unseren Ausstellern die Zukunft erlebbar. Damit [&hellip;]<\/p>\n","protected":false},"author":1,"featured_media":0,"parent":0,"menu_order":0,"comment_status":"closed","ping_status":"closed","template":"","meta":{"ub_ctt_via":""},"featured_image_src":null,"_links":{"self":[{"href":"https:\/\/ita-int.org\/index.php?rest_route=\/wp\/v2\/pages\/218"}],"collection":[{"href":"https:\/\/ita-int.org\/index.php?rest_route=\/wp\/v2\/pages"}],"about":[{"href":"https:\/\/ita-int.org\/index.php?rest_route=\/wp\/v2\/types\/page"}],"author":[{"embeddable":true,"href":"https:\/\/ita-int.org\/index.php?rest_route=\/wp\/v2\/users\/1"}],"replies":[{"embeddable":true,"href":"https:\/\/ita-int.org\/index.php?rest_route=%2Fwp%2Fv2%2Fcomments&post=218"}],"version-history":[{"count":94,"href":"https:\/\/ita-int.org\/index.php?rest_route=\/wp\/v2\/pages\/218\/revisions"}],"predecessor-version":[{"id":956,"href":"https:\/\/ita-int.org\/index.php?rest_route=\/wp\/v2\/pages\/218\/revisions\/956"}],"wp:attachment":[{"href":"https:\/\/ita-int.org\/index.php?rest_route=%2Fwp%2Fv2%2Fmedia&parent=218"}],"curies":[{"name":"wp","href":"https:\/\/api.w.org\/{rel}","templated":true}]}}

<h3 style="text-align: center;"><strong>Die Hannover Messe (HMI) 2026 findet vom 20.-24.04.2026 statt!</strong></h3>
<p style="text-align: justify;">Die Hannover Messe für Industrie, Automatisierung und Digitalisierung wird vom 20. bis. 24. April 2026 ausgerichtet, ergänzt um ein umfassendes Angebot an digitalen Services für die ausstellenden Unternehmen. Durch die Verknüpfung der physischen Messe mit digitalen Produkten machen wir mit unseren Ausstellern die Zukunft erlebbar. Damit geht es unter dem Leitthema Industrial Transformation endlich wieder &#8220;Zurück in die Zukunft&#8221; der industriellen Produktion!</p>
<p style="text-align: justify;">Mithilfe einer professionellen Darstellung Ihres Unternehmens überzeugen Sie potenzielle Besucher davon, sich schon vor der Messe mit Ihrem Unternehmen auseinanderzusetzen. Veröffentlichen Sie für Ihren Digitalen Auftritt eine umfangreiche Präsentation mit allen wichtigen Informationen zu Ihrem Unternehmen und Produktportfolio. Besucher können auf Ihrer Ausstellerseite direkt mit Ihren Ansprechpartnern in den Dialog treten, Termine vereinbaren oder eine Visitenkarte hinterlassen.</p>

<div class="wp-block-image">
<figure class="aligncenter size-full"><img loading="lazy" width="1481" height="479" src="https://ita-int.org/wp-content/uploads/2022/02/hannomess2.jpg" alt="" class="wp-image-231" srcset="https://ita-int.org/wp-content/uploads/2022/02/hannomess2.jpg 1481w, https://ita-int.org/wp-content/uploads/2022/02/hannomess2-300x97.jpg 300w, https://ita-int.org/wp-content/uploads/2022/02/hannomess2-1024x331.jpg 1024w, https://ita-int.org/wp-content/uploads/2022/02/hannomess2-768x248.jpg 768w" sizes="(max-width: 1481px) 100vw, 1481px" /></figure></div>

<h3 style="text-align: center;"><strong><br />ITA-Symposium auf der Hannover Messe</strong></h3>
<p style="text-align: justify;">Im Zuge des jährlich stattfindenden ITA Automotive Symposiums dürfen sich Besucher stets auf zahlreiche namhafte Referenten freuen. Im Jahr 2019 fand das Symposium mit großem Erfolg erstmalig im Rahmen der Hannover Messe Industrie (HMI) über einen Zeitraum von fünf Tagen stattlichem wir in den Jahren zuvor die CeBIT als Austragungsort gewählt hatten.</p>
<p style="text-align: justify;">Während der HMI 2026 findet an allen Messetagen in der ITA Speaker Corner das „ITA Automotive Symposium 2026“ mit Fachbeiträgen von Ausstellern und geladenen Referenten statt. Auf dem mehr als 100 Quadratmeter großen ITA Gemeinschaftsstand präsentieren ITA Mitglieder als Aussteller ihre Unternehmen und thematischen Schwerpunkte. Im Speaker-Bereich des Messestands werden neue Geschäftsmodelle und innovative Ideen präsentiert, Konzepte und Projekte diskutiert und unsere Netzwerkstrukturen auf optimale Weise genutzt. Darüberhinaus engagieren sich ITA Vertreter und Mitglieder als Aussteller und Referenten bei Veranstaltungen der Automobilindustrie, wie dem Forum Automobillogistik des VDA e. V. und BVL e. V. und der ODETTE Conference.</p>

<div class="wp-block-image">
<figure class="aligncenter size-full"><img loading="lazy" width="1258" height="685" src="https://ita-int.org/wp-content/uploads/2022/02/hannomess.jpg" alt="" class="wp-image-222" srcset="https://ita-int.org/wp-content/uploads/2022/02/hannomess.jpg 1258w, https://ita-int.org/wp-content/uploads/2022/02/hannomess-300x163.jpg 300w, https://ita-int.org/wp-content/uploads/2022/02/hannomess-1024x558.jpg 1024w, https://ita-int.org/wp-content/uploads/2022/02/hannomess-768x418.jpg 768w" sizes="(max-width: 1258px) 100vw, 1258px" /></figure></div>


<h4 class="has-text-align-left" id="hmi-digital-factory-ita-automotive-gemeinschaftsstand-mit-speakercorner-und-taglichem-ita-automotive-symposium"><br><strong>HMI „Digital Factory“ ITA Automotive Gemeinschaftsstand mit Speakercorner und täglichem ITA Automotive Symposium</strong></h4>



<ul><li>Erweiterter Bereich für die „Digital Factory“</li><li>ITA Tag der Automotive Mittelstandsinitiative</li><li>ITA Automotive/Mobility (branchenbezogene digitalisierte Prozesse)</li><li>ITA Gemeinschaftsstand in zentraler Lage.</li><li>Medienkommunikation der HMI u.a. mit IT &amp; Produktion</li><li>Standaufbau und Catering sind organisiert, d.h. die Ausstellungsstände sind<br>bezugsfertig</li><li>Zentrale Fläche einer Speaker Corner, die Herr Prof. Binner organisiert und bei der<br>seitens ITA Mitgliedsunternehmen tägl. für 30 min. Vorträge gebucht werden und<br>Gäste geladen werden können</li><li>Attraktiver Sonderpreis für ITA Mitgliedsunternehmen inkl. Service,<br>Catering und Nutzung der ITA Gemeinschaftsfläche</li><li>ITA Aussteller erhalten zusätzlich ein Digital-Paket inkludiert (u.a. mit<br>Aussteller-Profil, Chat-Funktionen, Ansprechpartner, Besuchertickets, Werbemittel).<br>Dieses bleibt bis zur kommenden Veranstaltung Online bestehen.</li></ul>



<h4 class="has-text-align-left" id="digitalpaket"><br><strong>DIGITALPAKET:</strong></h4>



<ul><li>Unternehmens- &amp; Produktpräsentation</li><li>Marketing Services<br>(siehe Teilnahmebedingungen)</li><li>Fachbesuchertickets</li><li>bis zu 3 Ansprechpartner mit digitalen Dialogfunktionen</li><li>Highlight-Videos in der Mediathek</li><li>Teilnahme am Networking Service</li></ul>



<h4 class="has-text-align-left" id="bestandteile-ihres-ausstellerprofils"><strong><br>BESTANDTEILE IHRES AUSSTELLERPROFILS:</strong></h4>



<ul><li>Kontaktdaten und Firmenlogo</li><li>Ihre Produkte und Lösungen</li><li>Unternehmensprofil und Steckbrief</li><li>Unternehmensvideo</li><li>Ihre Zielbranchen und Zielländer</li><li>Ihre weltweiten Standorte</li><li>Ihre Ansprechpartner mit Dialog- und Terminvereinbarungsoptionen</li><li>Zwei Sprachversionen: Deutsch/Englisch</li></ul>



<hr class="wp-block-separator has-css-opacity aligncenter is-style-wide"/>



<figure class="wp-block-image size-full"><img loading="lazy" width="1369" height="633" src="https://ita-int.org/wp-content/uploads/2022/03/2022-03-08-00_28_04-Window.png" alt="" class="wp-image-380" srcset="https://ita-int.org/wp-content/uploads/2022/03/2022-03-08-00_28_04-Window.png 1369w, https://ita-int.org/wp-content/uploads/2022/03/2022-03-08-00_28_04-Window-300x139.png 300w, https://ita-int.org/wp-content/uploads/2022/03/2022-03-08-00_28_04-Window-1024x473.png 1024w, https://ita-int.org/wp-content/uploads/2022/03/2022-03-08-00_28_04-Window-768x355.png 768w" sizes="(max-width: 1369px) 100vw, 1369px" /></figure>

<p>Die Hannover Messe (HMI) 2026 findet vom 20.-24.04.2026 statt! Die Hannover Messe für Industrie, Automatisierung und Digitalisierung wird vom 20. bis. 24. April 2026 ausgerichtet, ergänzt um ein umfassendes Angebot an digitalen Services für die ausstellenden Unternehmen. Durch die Verknüpfung der physischen Messe mit digitalen Produkten machen wir mit unseren Ausstellern die Zukunft erlebbar. Damit [&hellip;]</p>
